v(y) = -y + 14. Let w be v(7). Suppose -3*m + 2 + w = 0. Suppose j + 114 = m*h, -j = 3*h - 3*j - 117. Is h a prime number?
True
Let d = -5 - -2. Is (-34)/((-2)/(-15)*d) composite?
True
Let a(n) = 18*n**2 - 2*n - 1. Suppose -17 = -f + 5*o, -5*f + 10*f - 2*o = 16. Suppose 5*y - 3*h + f = 0, -4*y + 4*h = -3*y - 3. Is a(y) prime?
True
Let b(v) = v**3 + 8*v**2 + 8*v - 3. Let y be b(-7). Let q(k) = -k - 3. Is q(y) a prime number?
True
Is (-517)/((0 - (-2)/1) + -3) a composite number?
True
Suppose 0 = f - 248 - 155. Is f prime?
False
Suppose -5*w - 1630 = -5*x, 9*x = 4*x - 2*w + 1595. Is x composite?
True
Let d = 5629 - 3296. Is d prime?
True
Let n be (-2 + -1)/(3/(-4)). Suppose n*d - 25 = -d. Suppose -d*a + 83 = -312. Is a a composite number?
False
Suppose 4*w - 81 + 288 = l, 2*w = -4*l - 108. Let j = 110 + w. Is (-2)/8 - j/(-8) a composite number?
False
Suppose 0 = 4*c - 3*c - 42. Let b = 65 - c. Is b a prime number?
True
Is 4*(-2)/(-4) - -437 a prime number?
True
Let y(k) = 1 - 2*k + k + 4*k**2 - k + 2. Is y(2) prime?
False
Suppose -2*o - 5*i = -3*o + 344, 10 = -2*i. Is o prime?
False
Let l be 1154/10 + 4/(-10). Suppose 4*f + l = 5*a, 2*a + 5*f - 69 = -a. Let x = -12 + a. Is x a prime number?
True
Let g(x) be the third derivative of 0*x + 1/10*x**5 + 0 + x**2 - 1/4*x**4 - 1/6*x**3 + 1/120*x**6. Is g(-6) a composite number?
True
Let r be (6/(-4))/((-6)/8). Let x be (-42)/(-9) + r/(-3). Is (-206)/(-6) + x/6 prime?
False
Let c = 3 - 6. Let y(x) = x**2 + x**2 - 33 + 30 - 2*x**3. Is y(c) a composite number?
True
Suppose -k + 39 = 4*z - 39, 212 = 4*k - 4*z. Let d = k - 41. Suppose -f - 3*n + d = -6*n, -23 = -f + n. Is f composite?
True
Let l(d) = -d**3 - 3*d**2 + 2*d - 5. Let a be l(-4). Suppose -4*o - 4*q + 212 = -0*q, -4*q = -a*o + 159. Is o a composite number?
False
Let j(q) = -q + 5. Let a be j(3). Suppose -g - 2*c + 47 = 14, 41 = a*g - c. Is g a composite number?
False
Let u = 3 - 4. Is 40*2 + u + -2 a composite number?
True
Let a = -1563 - -2236. Is a prime?
True
Suppose 3*r = 2*r - 6. Let l be 2/r*(-5 + -82). Suppose -7 = -q - 3*s, -2*q - 2*s + l = 11. Is q a composite number?
True
Suppose -u = -16 + 187. Let k = -116 - u. Is k a composite number?
True
Let o(p) = 2*p - 10. Let d be o(7). Is 2661/21 - d/(-14) composite?
False
Let i = 45 + -103. Let k be (-1 + i)*-1*1. Is k/4 - 3/(-12) prime?
False
Let h(c) = 81*c**2 - 3*c - 3. Let d be h(-2). Suppose -d = -y - 2*y. Is y prime?
True
Suppose 5*q + 5780 = 4*c + c, 5*q + 4629 = 4*c. Is c a prime number?
True
Let m(h) = h**2 + 6*h + 9. Suppose y - 7 = -l, 8 + 5 = 3*y - 5*l. Let i = 0 - y. Is m(i) a prime number?
False
Suppose m - 32 = 14. Let r = m - 9. Is r a prime number?
True
Let h(j) be the second derivative of 5/6*j**3 - 9/2*j**2 + 0 - j. Is h(6) a prime number?
False
Is 0/1 + (144 - -19) a composite number?
False
Is (-2 + (3 - 0))/(3/795) a prime number?
False
Let d(u) = -2*u + 7. Let i be d(4). Is ((-50)/(-6))/(i/(-3)) composite?
True
Let r(o) = o**3 - 6*o**2 - 6*o - 4. Let n be r(7). Suppose 339 = -0*d + n*d. Is d prime?
True
Let t(z) = 3*z + 3. Let p be t(-2). Let u = p - -5. Is u*(-1 + 0) + 69 composite?
False
Is ((-478)/(-6))/(((-6)/45)/(-2)) a prime number?
False
Is (-5136)/32*8/(-6) composite?
True
Let j(h) be the third derivative of -h**4/24 + 2*h**3/3 + h**2. Suppose 4*x + 9 = 3*x. Is j(x) composite?
False
Let d(z) = -68*z**3 + 1. Is d(-1) composite?
True
Let s(f) = 35*f + 1. Is s(6) prime?
True
Let v(q) be the first derivative of -q**4/4 - 11*q**3/3 + q**2 + 9*q + 8. Is v(-13) a prime number?
False
Let n = 1 - 1. Suppose c - 5*c + 12 = n. Is (11/c)/(4/36) a prime number?
False
Let h(m) be the second derivative of 147*m**5/20 - m**4/6 + m**2/2 - m. Let g be h(-1). Let k = -65 - g. Is k composite?
False
Let p be ((-14)/(-4))/((-2)/(-804)). Is ((-2)/(-3))/(14/p) a prime number?
True
Let g(l) = -l**3 - 3*l**2 + 5*l - 2. Let o = -12 - -24. Suppose -2*r - 23 = 3*v - 0*r, -4*v + 2*r - o = 0. Is g(v) composite?
False
Let u = 37 + 41. Suppose -u = -5*y + 87. Is y a composite number?
True
Suppose -3*u = -k + 2, 0*u = -5*u + 5. Suppose 6*d - 4*d = -k*c + 19, -d + 2*c = -5. Is 3*(-1)/(-3)*d prime?
True
Let a = 2 + 107. Let q = a - 50. Is q composite?
False
Let t be (-174)/8*(-12)/3. Let r be -4 + -61 - (-2 - 1). Let k = r + t. Is k composite?
True
Suppose -2*u + u = -4. Let m(w) = -w - 5. Let j be m(-5). Suppose j = -u*v - 75 + 295. Is v composite?
True
Let m be (-1)/(-2) + (-6)/(-4). Let v be 18/(-4) + m/(-4). Let j = v - -12. Is j prime?
True
Let o(d) = -d + 59. Let l be (-2)/(-10) - (-1)/(-5). Is o(l) composite?
False
Suppose 11*h - 6304 = 5235. Is h a composite number?
False
Is 0 - -1 - (-2 + 0)*239 a prime number?
True
Suppose -2*c + 6 = -10. Let y(f) = f - 2 - 4 + f. Is y(c) a composite number?
True
Let y = 32 + 15. Is y a composite number?
False
Suppose 2*s - 26 + 8 = 0. Suppose 2*q - 148 = -2*z, -2*q = q + s. Let b = z - -54. Is b a prime number?
True
Suppose 5*d = 110 + 125. Suppose m + 16 = d. Is m a composite number?
False
Suppose -11 - 1 = 3*j. Let m be (22/j - -1)*-2. Is 4/(-6) + 321/m composite?
True
Let w(o) = -2*o + 145. Is w(0) a composite number?
True
Let o(h) = h**2 + 3*h - 17. Suppose -4*n = 42 + 18. Is o(n) composite?
False
Suppose 3*v - 6*v + 129 = 0. Is v a composite number?
False
Let n = 3 - 6. Let w be 257/3 + (-1)/n. Is (-2)/(-8) - w/(-8) composite?
False
Let m(o) = 11*o + 9. Let s(n) = 5*n + 4. Let k(l) = -4*m(l) + 9*s(l). Let c be k(0). Suppose c*y - 67 = -y. Is y prime?
True
Suppose -2*o + 515 = -1787. Is o composite?
False
Suppose 0 = -w - 4*f + 1 + 4, 11 = -3*w + f. Is w/(-1)*94/6 composite?
False
Suppose 10*l - 12*l + 2230 = 0. Is l a prime number?
False
Let a be 80 - (-1)/1*1. Let d be (-88)/2*(3 - 2). Let s = d + a. Is s a prime number?
True
Let i(y) = 25*y**2 - 10*y - 5. Let c be i(8). Suppose -5*h + c = 320. Is h a composite number?
False
Let y(o) = -o**3 + 5*o**2 + 3. Let i be y(5). Suppose i*v - 314 = v. Is v composite?
False
Suppose -5*f = 48 + 137. Let s = 28 - f. Is s a prime number?
False
Suppose 0 = 5*w + u - 18, -2*w = 3*w - 3*u - 26. Is (179/(-2))/((-2)/w) prime?
True
Suppose -17 + 1 = -4*k. Suppose k*q - 7 = 5. Suppose x + 3*h - 131 = 0, q*x + 5*h - 221 = 188. Is x composite?
True
Let o = 371 + -256. Is o composite?
True
Suppose -2*u + 339 = 3*l - 2*l, 0 = l + 5*u - 336. Is l a prime number?
False
Let b be 0/((9 - 3)/(-3)). Let k = 5 - 3. Suppose k*u + 0*u - 14 = b. Is u prime?
True
Let a(p) = -2*p - 3 - 3*p + p + 3*p. Let z be a(-3). Suppose z*q - 25 = -q - 2*w, -2*q + 5*w = -95. Is q a prime number?
False
Is 1929 + -10 + 5 + 3 composite?
True
Suppose 0 = 3*c + c - 6044. Is c a composite number?
False
Let l(m) = -m**2 - 10*m + 16. Let f be l(-11). Suppose 10*q = f*q + 10. Suppose 4*x = -0*x + 5*u + 653, 319 = q*x - u. Is x a prime number?
True
Let m be 6*2/(-2)*1. Let f(i) = -i**3 + 28*i**2 + 24*i + 11. Let l(u) = 7*u**2 + 6*u + 3. Let a(w) = 2*f(w) - 9*l(w). Is a(m) prime?
True
Let x(v) = -6*v + v + 2*v - v**2. Let h be x(-2). Suppose 89 = 2*o - 3*l, h*l + 2*l = -o + 17. Is o a prime number?
True
Suppose o + 3*o = 8. Is (-4065)/(-25) - o/(-5) prime?
True
Is 104 - 3 - (5 + -1) prime?
True
Let v(s) = 50*s + 5. Is v(4) a prime number?
False
Let n(q) = q**2 + 4*q - 1. Let x be n(-5). Suppose -x*w = w - 235. Is w composite?
False
Suppose -4110 = -5*b - 5*x - 650, -5*b + 3459 = 4*x. Is b prime?
True
Suppose 5*o = -5*r + 3075, -3*r - 2*o + 1843 = -0*r. Is r a composite number?
False
Let v be (8/(-5))/((-2)/15). Let z be -3 - (-4)/(v/(-9)). Is ((-254)/z)/(5/15) prime?
True
Let i be (304/(-6))/(10/(-75)). Let p = i + 89. Is p a prime number?
False
Suppose 0 = -2*q + 5*f + 300, -f = 4*q - 5*f - 588. Is q a prime number?
False
Let z(v) = -2*v**2 - 2*v + 40. Let u(b) = -b**2 - b + 39. Let j(n) = 3*u(n) - 2*z(n). Is j(0) prime?
True
Let s(o) = 4*o**3 + 2*o**2 + o + 1. Let j = 2 - 4. Let d be s(j). Let q = d + 38. Is q composite?
False
Is (-10)/4 - 47472/(-32) prime?
True
Let k(n) = -n**3 + 7*n**2 + 8*n + 5. Let u be k(8). Let p be 8/(-20) - (-17)/u. Suppose p*d = -d + 28. Is d prime?
True
Suppose 0 = c - 1187 - 484. Is c composite?
True
Let v be 2 + 3 + -5 + 4. Suppose -v*r - r = -25. Suppose -3*l + 5 = -8*l, -r*l = 5*h - 660. Is h composite?
True
Let x(j) = 